, what is 0 - 125?
-125
In base 6, what is -223 - 3?
-230
In base 7, what is 23 - -34?
60
In base 7, what is 426 + 23?
452
In base 4, what is -1131 + 10?
-1121
In base 12, what is -21 + -4?
-25
In base 12, what is a3 - 7?
98
In base 14, what is -9a + -6c?
-128
In base 13, what is -88 + 5?
-83
In base 8, what is 1255 + -25?
1230
In base 8, what is -62 - 3?
-65
In base 13, what is -9 - -441?
435
In base 5, what is 4 + -24?
-20
In base 14, what is -8 + -27?
-31
In base 4, what is 13 + 2201?
2220
In base 7, what is 3143 + 0?
3143
In base 3, what is 10 + 112210?
112220
In base 8, what is 5 + -177?
-172
In base 5, what is -10 - -20201?
20141
In base 12, what is 8 - -2?
a
In base 11, what is 2a5 + -1?
2a4
In base 3, what is 0 + -101220?
-101220
In base 12, what is -96 + -7?
-a1
In base 6, what is -10 - 253?
-303
In base 8, what is 1 - -112?
113
In base 2, what is -1000100 - -10010?
-110010
In base 5, what is 24 + 200?
224
In base 10, what is 14785 - 1?
14784
In base 9, what is -8 - -74?
65
In base 10, what is 714 + -28?
686
In base 8, what is -1124 - 1?
-1125
In base 12, what is -12 + -50?
-62
In base 2, what is -110 - 100101?
-101011
In base 5, what is 2 - 1311?
-1304
In base 6, what is -2 + -1315?
-1321
In base 12, what is -5 + -83?
-88
In base 6, what is -1113 + 4?
-1105
In base 16, what is -7 + 57?
50
In base 16, what is 2 - -67?
69
In base 11, what is -7678 + 1?
-7677
In base 6, what is -53 + -2?
-55
In base 6, what is -112 + 42?
-30
In base 12, what is 47 - 0?
47
In base 12, what is -b1 - -3?
-aa
In base 14, what is c + -508?
-4da
In base 13, what is -4875 - 0?
-4875
In base 7, what is -1652 - -4?
-1645
In base 15, what is 32a + -1?
329
In base 14, what is c7 + -3?
c4
In base 14, what is -1c4 - -1?
-1c3
In base 16, what is cce + 4?
cd2
In base 16, what is e + -24f?
-241
In base 16, what is 18 - 2cd?
-2b5
In base 2, what is 10 - 111111?
-111101
In base 12, what is -6 - -81?
77
In base 11, what is 105 - -10?
115
In base 3, what is 122 - -10?
202
In base 6, what is 14 - 0?
14
In base 5, what is -1122 - -120?
-1002
In base 12, what is -5a9 - -1?
-5a8
In base 16, what is -3b + 4?
-37
In base 15, what is 11 + -4d9?
-4c8
In base 2, what is 101 + 1000110?
1001011
In base 16, what is 6 + -68?
-62
In base 13, what is 59 - -31?
8a
In base 3, what is -2 - 1111?
-1120
In base 7, what is -3 - 330?
-333
In base 16, what is 3 - 25?
-22
In base 13, what is -33 + -b?
-41
In base 4, what is -13 - 0?
-13
In base 7, what is 5 - 31654?
-31646
In base 16, what is -54 + -4?
-58
In base 15, what is 6 - -49d?
4a4
In base 9, what is -5 + 87?
82
In base 12, what is 504 - -2?
506
In base 3, what is 12221 - -12?
20010
In base 16, what is -1 + -944?
-945
In base 6, what is 13 - 22?
-5
In base 9, what is 60 - -5?
65
In base 3, what is 11 - -201?
212
In base 8, what is 12 - 33?
-21
In base 7, what is 0 + -1044?
-1044
In base 16, what is 1 + -7f?
-7e
In base 8, what is 34 + -5?
27
In base 3, what is 2220000 + 10?
2220010
In base 4, what is 12 - 201?
-123
In base 5, what is 4 + 22410?
22414
In base 7, what is -32 - 1302?
-1334
In base 15, what is -2c + -17?
-44
In base 2, what is -10011000 + -11000?
-10110000
In base 2, what is -101011011011010 + 11?
-101011011010111
In base 2, what is 1001 - -11000?
100001
In base 11, what is 9 + 853?
861
In base 16, what is -2 - 516?
-518
In base 13, what is -20 - -13c?
11c
In base 10, what is -20 - 4?
-24
In base 12, what is -99 - 19?
-b6
In base 7, what is 34 - 100?
-33
In base 2, what is -10000 + 101?
-1011
In base 8, what is 20 + 153?
173
In base 10, what is -5 + -2?
-7
In base 16, what is 9e - 1?
9d
In base 8, what is -3 - 110?
-113
In base 8, what is -1 + -60?
-61
In base 6, what is -4 + 104?
100
In base 8, what is -344 - -7?
-335
In base 11, what is -13 + a?
-4
In base 4, what is 3 - 13122?
-13113
In base 14, what is -35a7 - -5?
-35a2
In base 4, what is -121332 + 2?
-121330
In base 11, what is 3 + 43?
46
In base 5, what is 34 + 2?
41
In base 13, what is 23bb + -2?
23b9
In base 3, what is 1 - -11122?
11200
In base 10, what is 159 + 22?
181
In base 14, what is -2 - 7?
-9
In base 14, what is -20 + 0?
-20
In base 15, what is -2b8 + -2?
-2ba
In base 15, what is -2a0 + 3?
-29c
In base 11, what is a - -24?
33
In base 10, what is -1212 + 5?
-1207
In base 3, what is -20012 - 0?
-20012
In base 7, what is -2 + -21553?
-21555
In base 6, what is -4 - 152?
-200
In base 16, what is -d7 + d?
-ca
In base 11, what is 5 - -164?
169
In base 16, what is dfa - -3?
dfd
In base 14, what is 19d - -2?
1a1
In base 9, what is -3184 - 5?
-3200
In base 5, what is 2 - 20120?
-20113
In base 14, what is -8 + 4c?
44
In base 12, what is -98 + -7?
-a3
In base 8, what is 7022 + -1?
7021
In base 2, what is 101 - -1010010?
1010111
In base 5, what is -143 + -44?
-242
In base 14, what is 51 - -71?
c2
In base 6, what is -5 - 50?
-55
In base 5, what is -2021 - 3?
-2024
In base 12, what is 0 - -170?
170
In base 11, what is -13 + 2?
-11
In base 11, what is -3a55 - 4?
-3a59
In base 8, what is 422 - 3?
417
In base 10, what is 5 - -24?
29
In base 6, what is -145 + -231?
-420
In base 7, what is -1 + 1012?
1011
In base 10, what is -2729 + 2?
-2727
In base 16, what is -6e + 5?
-69
In base 12, what is -20a - 18?
-226
In base 15, what is -1 - -db?
da
In base 5, what is 22000 + 12?
22012
In base 8, what is 5 + -17?
-12
In base 4, what is 11 + 32?
103
In base 7, what is -365 + 4?
-361
In base 8, what is 7 + -15?
-6
In base 3, what is -120020 + -100?
-120120
In base 13, what is -1c - -1?
-1b
In base 14, what is -4 + 9?
5
In base 3, what is 1210 - -21?
2001
In base 4, what is -3313 - -13?
-3300
In base 12, what is 19 - -47b?
498
In base 14, what is 35 - -7?
3c
In base 12, what is -23 - -32?
b
In base 12, what is 2 - 56?
-54
In base 8, what is -1310 - -11?
-1277
In base 10, what is 90 + 2?
92
In base 11, what is -7 + 53?
47
In base 9, what is -576 - 26?
-613
In base 16, what is 4 - -8eb?
8ef
In base 7, what is 524 + 4?
531
In base 9, what is 17 + 12?
30
In base 15, what is -4c + -2?
-4e
In base 10, what is 111 - -8?
119
In base 7, what is 3016 + -5?
3011
In base 8, what is -5 - 413?
-420
In base 2, what is 11010 - 110?
10100
In base 5, what is 10 + -21320?
-21310
In base 4, what is -11 + -1330?
-2001
In base 5, what is 1321 + 3?
1324
In base 13, what is 1 + -3a?
-39
In base 7, what is 2340 + 3?
2343
In base 6, what is -2 - -305?
303
In base 7, what is 324 + -5?
316
In base 4, what is 1322 + -1?
1321
In base 9, what is 7 + 65?
73
In base 16, what is 0 + 172?
172
In base 2, what is -1011 - 1011010?
-1100101
In base 15, what is 2 + cb?
cd
In base 2, what is -10000 - 10010?
-100010
In base 9, what is -1 + -813?
-814
In base 6, what is -15431 - 10?
-15441
In base 7, what is -25 - 14?
-42
In base 5, what is 1331 - -10?
1341
In base 4, what is 11 + -11133?
-11122
In base 5, what is 310 + 22?
332
In base 10, what is -2701 - -4?
-2697
In base 6, what is -4 + -1141?
-1145
In base 14, what is -1 - 2c?
-2d
In base 9, what is -4 + 345?
341
In base 2, what is 10 - -11110111?
11111001
In base 7, what is -4415 + 0?
-4415
In base 7, what is -12 - 34?
-46
In base 15, what is c6 - -4?
ca
In base 13, what is -5 - 21b3?
-21b8
In base 16, what is -f - -6?
-9
In base 2, what is -101 + -1001100?
-1010001
In base 13, what is 64 - 4?
60
In base 8, what is 20637 + 4?
20643
In base 10, what is -7 + 46?
39
In base 14, what is 5 + -168?
-163
In base 13, what is -a + -21?
-2b
In base 4, what is -10 - 1122?
-1132
In base 16, what is -1138 + 2?
-1136
In base 2, what is 110 - -111?
1101
In base 6, what is 13 - -52?
105
In base 13, what is 21 + 3?
24
In base 16, what is -1 - 7a?
-7b
In base 8, what is 51 - 7?
42
In base 14, what is 65 - 2?
63
In base 6, what is 12 - 41?
-25
In base 10, what is -1 + -73?
-74
In base 11, what is 8a + 3?
92
In base 3, what is -10 + -1012?
-1022
In base 14, what is 4 + 2d?
33
In base 5, what is -144 + -4?
-203
In base 5, what is 43312 - 0?
43312
In base 8, what is -166 + 5?
-161
In base 9, what is 5 + 43?
48
In base 13, what is -202 + -14?
-216
In base 14, what is 28 + -8?
20
In base 4, what is -1221 + 10?
-1211
In base 9, what is 42 + 21?
63
In base 7, what is -122525 + -3?
-122531
In base 6, what is 2 + 104?
110
In base 7, what is -143 - 2?
-145
In base 8, what is 13 + 326?
341
In base 9, wh